{"id":177,"date":"2020-11-22T20:32:45","date_gmt":"2020-11-22T19:32:45","guid":{"rendered":"http:\/\/www.buntstuecke.at\/?page_id=177"},"modified":"2026-03-24T06:40:42","modified_gmt":"2026-03-24T05:40:42","slug":"wissenswertes","status":"publish","type":"page","link":"https:\/\/www.buntstuecke.at\/?page_id=177","title":{"rendered":"Wissenswertes"},"content":{"rendered":"\n<p><strong>Polymerton &amp; Epoxidharz<\/strong><\/p>\n\n\n\n<p>Ich fertige mit viel Liebe zum Detail einzigartige Anh\u00e4nger aus einem  Material namens Polymerton. Was ist das \u00fcberhaupt? Polymerton ist ein vielseitiger Kunststoff. Es ist unglaublich leicht, was bedeutet, dass die Anh\u00e4nger angenehm zu tragen sind und kein Gewicht an eurem Ohr verursachen.<\/p>\n\n\n\n<p>Ein weiterer Vorteil von&nbsp;Polymerton ist jedoch seine Vielseitigkeit. Es kann in allen m\u00f6glichen Formen und Farben hergestellt werden, was mir erm\u00f6glicht, einzigartige und individuelle Schmuckst\u00fccke f\u00fcr euch zu kreieren.&nbsp;<\/p>\n\n\n\n<p>Einige meiner Ohrringe sind zus\u00e4tzlich mit Epoxidharz \u00fcberzogen. Das verleiht ihnen  einen sch\u00f6nen Glanz. <\/p>\n\n\n\n<p><strong>Edelstahl, vergoldetes Messing<\/strong> <strong>und Sterling Silber<\/strong><\/p>\n\n\n\n<p>Ich verwende haupts\u00e4chlich Edelstahl f\u00fcr die Ohrstecker und Anh\u00e4nger. Edelstahl ist ein besonders langlebiges und robustes Material. Es ist bekannt f\u00fcr seine hohe Korrosionsbest\u00e4ndigkeit, das bedeutet, dass es nicht so schnell rostet oder anl\u00e4uft wie andere Metalle. Das ist super wichtig, denn so k\u00f6nnt ihr lange Freude an euren Buntst\u00fccken haben!<\/p>\n\n\n\n<p>Ein weiterer Vorteil von Edelstahl ist seine Hautvertr\u00e4glichkeit. Es ist hypoallergen und daher bestens f\u00fcr Menschen mit empfindlicher Haut geeignet. Ihr m\u00fcsst euch also keine Sorgen um m\u00f6gliche Allergien oder Hautirritationen machen.&nbsp;<\/p>\n\n\n\n<p>Ein weiteres Material, das ich verwende, ist Messing. Das Besondere an dem verwendeten Messing ist, dass es mit einer 18K Vergoldung versehen ist. Das bedeutet, dass eine Schicht aus 18 Karat (das entspricht 75%) reinem Gold auf das Messing aufgetragen wird.&nbsp;<\/p>\n\n\n\n<p>Edelstahl und vergoldetes Messing sind nicht nur sch\u00f6n anzusehen, sondern auch hautfreundlich. Mir ist besonders wichtig, dass die Schmuckst\u00fccke auch f\u00fcr empfindliche Haut geeignet sind.<\/p>\n\n\n\n<p>Sterling Silber, auch bekannt als 925-er Silber, besteht zu 92.5% aus reinem Silber und zu 7,5% aus anderen Metallen, meist Kupfer. Diese Legierung verleiht dem Silber zus\u00e4tzlich Festigkeit und Haltbarkeit. Es ist hypoallergen und eignet sich ebenfalls gut f\u00fcr Menschen mit empfindlicher Haut. <\/p>\n\n\n\n<p><strong>Pflegehinweise f\u00fcr Epoxidharz Schmuckst\u00fccke<\/strong><\/p>\n\n\n\n<p>Vermeide den Kontakt mit Desinfektionsmitteln und Reinigungsmitteln. Epoxidharz ist empfindlich gegen\u00fcber chemischen Substanzen. Bitte nimm deinen Schmuck ab, bevor du solche Produkte verwendest.&nbsp;<\/p>\n\n\n\n<p>Bewahre deine Ohrringe am besten in einer Schmuckschatulle auf. So sind sie vor Staub, Kratzern und Besch\u00e4digungen gesch\u00fctzt. <\/p>\n\n\n\n<p>Vermeide es die Ohrringe gro\u00dfer Hitze auszusetzen.&nbsp;<\/p>\n\n\n\n<p>Um Besch\u00e4digungen zu vermeiden nimm die Ohrringe beim Schlafen und beim Sport ab. &nbsp;<\/p>\n\n\n\n<p>F\u00fcr die Reinigung der Schmuckst\u00fccke kannst Du ein weiches Tuch und Wasser (oder Wasserstoffperoxid 3%) verwenden.&nbsp;<\/p>\n\n\n\n<p><strong>Nachhaltigkeit<\/strong><\/p>\n\n\n\n<p>Bei meiner Schmuckproduktion liegt mein Fokus auf Nachhaltigkeit. Ich verwende langlebige Materialien und gehe verantwortungsbewusst mit Ressourcen um. Ohrringe, die nicht verkauft werden, werden wiederverwertet und Polymertonreste sinnvoll in neuen Produkten eingesetzt.<\/p>\n\n\n\n<p><strong>POP-UP\/KONTAKT<\/strong><\/p>\n\n\n\n<p><em>Nat\u00fcrlich kann ich Dir auch eine Buntst\u00fcck nach individuellen Form- und Farbw\u00fcnschen&nbsp;herstellen. In diesem Fall schreib mich einfach an!<\/em><\/p>\n\n\n\n<p><em>Falls ihr die Buntst\u00fccke anfassen und anprobieren m\u00f6chtet kommt einfach in den&nbsp;<strong>Hutladen GUT BEH\u00dcTET,<\/strong>&nbsp;<strong>Rauhensteingasse 7, 1010 Wien&nbsp;<\/strong>dort haben meine Buntst\u00fccke einen fixen Platz zwischen wundervollen und au\u00dfergew\u00f6hnlichen Kopfbedeckungen.<\/em><\/p>\n\n\n\n<p><em>Ich freue mich, wenn Ihr mich \u00fcber die Kontakt-Seite anschreibt. Oder ihr bestellt einfach \u00fcber den Onlineshop. Ihr k\u00f6nnt mich auch \u00fcber die Instagram-Seite: buntstuecke_handmadejewelry kontaktieren.<\/em><\/p>\n\n\n\n<p><em>Viel Spa\u00df beim Durchst\u00f6bern w\u00fcnscht,<\/em><\/p>\n\n\n\n<p><em>Diana-Marlen Maryam<\/em><\/p>\n\n\n\n<p><\/p>\n\n\n\n<p><\/p>\n\n\n\n<p><\/p>\n\n\n\n<p><\/p>\n\n\n\n<p><\/p>\n\n\n\n<p><\/p>\n\n\n\n<p><\/p>\n\n\n\n<div class=\"wp-block-columns is-layout-flex wp-container-core-columns-is-layout-28f84493 wp-block-columns-is-layout-flex\">\n<div class=\"wp-block-column is-layout-flow wp-block-column-is-layout-flow\" style=\"flex-basis:100%\">\n<div class=\"wp-block-jetpack-slideshow aligncenter\" data-effect=\"slide\" style=\"--aspect-ratio:calc(576 \/ 1024)\"><div class=\"wp-block-jetpack-slideshow_container swiper\"><ul class=\"wp-block-jetpack-slideshow_swiper-wrapper swiper-wrapper\"><li class=\"wp-block-jetpack-slideshow_slide swiper-slide\"><figure><img data-recalc-dims=\"1\" loading=\"lazy\" decoding=\"async\" width=\"576\" height=\"1024\" alt=\"\" class=\"wp-block-jetpack-slideshow_image wp-image-2614\" data-id=\"2614\" data-aspect-ratio=\"576 \/ 1024\" src=\"https:\/\/i0.wp.com\/www.buntstuecke.at\/wp-content\/uploads\/2023\/08\/20230826_123306-1.jpg?resize=576%2C1024\" srcset=\"https:\/\/i0.wp.com\/www.buntstuecke.at\/wp-content\/uploads\/2023\/08\/20230826_123306-1-scaled.jpg?resize=576%2C1024&amp;ssl=1 576w, https:\/\/i0.wp.com\/www.buntstuecke.at\/wp-content\/uploads\/2023\/08\/20230826_123306-1-scaled.jpg?resize=416%2C739&amp;ssl=1 416w, https:\/\/i0.wp.com\/www.buntstuecke.at\/wp-content\/uploads\/2023\/08\/20230826_123306-1-scaled.jpg?resize=169%2C300&amp;ssl=1 169w, https:\/\/i0.wp.com\/www.buntstuecke.at\/wp-content\/uploads\/2023\/08\/20230826_123306-1-scaled.jpg?resize=768%2C1365&amp;ssl=1 768w, https:\/\/i0.wp.com\/www.buntstuecke.at\/wp-content\/uploads\/2023\/08\/20230826_123306-1-scaled.jpg?resize=864%2C1536&amp;ssl=1 864w, https:\/\/i0.wp.com\/www.buntstuecke.at\/wp-content\/uploads\/2023\/08\/20230826_123306-1-scaled.jpg?resize=1152%2C2048&amp;ssl=1 1152w, https:\/\/i0.wp.com\/www.buntstuecke.at\/wp-content\/uploads\/2023\/08\/20230826_123306-1-scaled.jpg?w=1440&amp;ssl=1 1440w\" sizes=\"(max-width: 576px) 100vw, 576px\" \/><figcaption class=\"wp-block-jetpack-slideshow_caption gallery-caption\">Getrocknete Bl\u00fcten<\/figcaption><\/figure><\/li><li class=\"wp-block-jetpack-slideshow_slide swiper-slide\"><figure><img data-recalc-dims=\"1\" loading=\"lazy\" decoding=\"async\" width=\"863\" height=\"1024\" alt=\"\" class=\"wp-block-jetpack-slideshow_image wp-image-3771\" data-id=\"3771\" data-aspect-ratio=\"863 \/ 1024\" src=\"https:\/\/i0.wp.com\/www.buntstuecke.at\/wp-content\/uploads\/2024\/10\/20241007_154021.jpg?resize=863%2C1024\" srcset=\"https:\/\/i0.wp.com\/www.buntstuecke.at\/wp-content\/uploads\/2024\/10\/20241007_154021.jpg?resize=863%2C1024&amp;ssl=1 863w, https:\/\/i0.wp.com\/www.buntstuecke.at\/wp-content\/uploads\/2024\/10\/20241007_154021.jpg?resize=416%2C494&amp;ssl=1 416w, https:\/\/i0.wp.com\/www.buntstuecke.at\/wp-content\/uploads\/2024\/10\/20241007_154021.jpg?resize=253%2C300&amp;ssl=1 253w, https:\/\/i0.wp.com\/www.buntstuecke.at\/wp-content\/uploads\/2024\/10\/20241007_154021.jpg?resize=768%2C912&amp;ssl=1 768w, https:\/\/i0.wp.com\/www.buntstuecke.at\/wp-content\/uploads\/2024\/10\/20241007_154021.jpg?resize=1294%2C1536&amp;ssl=1 1294w, https:\/\/i0.wp.com\/www.buntstuecke.at\/wp-content\/uploads\/2024\/10\/20241007_154021.jpg?resize=1725%2C2048&amp;ssl=1 1725w, https:\/\/i0.wp.com\/www.buntstuecke.at\/wp-content\/uploads\/2024\/10\/20241007_154021.jpg?resize=51%2C60&amp;ssl=1 51w, https:\/\/i0.wp.com\/www.buntstuecke.at\/wp-content\/uploads\/2024\/10\/20241007_154021.jpg?resize=76%2C90&amp;ssl=1 76w, https:\/\/i0.wp.com\/www.buntstuecke.at\/wp-content\/uploads\/2024\/10\/20241007_154021.jpg?w=1960 1960w\" sizes=\"(max-width: 863px) 100vw, 863px\" \/><figcaption class=\"wp-block-jetpack-slideshow_caption gallery-caption\">Verschiedene Ohrstecker\/Haken\/Brisuren\/Creolen aus Edelstahl, Sterling Silber etc.; Herkunft:Deutschland <\/figcaption><\/figure><\/li><li class=\"wp-block-jetpack-slideshow_slide swiper-slide\"><figure><img data-recalc-dims=\"1\" loading=\"lazy\" decoding=\"async\" width=\"462\" height=\"1024\" alt=\"\" class=\"wp-block-jetpack-slideshow_image wp-image-3772\" data-id=\"3772\" data-aspect-ratio=\"462 \/ 1024\" src=\"https:\/\/i0.wp.com\/www.buntstuecke.at\/wp-content\/uploads\/2024\/10\/20241006_130610.jpg?resize=462%2C1024\" srcset=\"https:\/\/i0.wp.com\/www.buntstuecke.at\/wp-content\/uploads\/2024\/10\/20241006_130610-scaled.jpg?resize=462%2C1024&amp;ssl=1 462w, https:\/\/i0.wp.com\/www.buntstuecke.at\/wp-content\/uploads\/2024\/10\/20241006_130610-scaled.jpg?resize=416%2C923&amp;ssl=1 416w, https:\/\/i0.wp.com\/www.buntstuecke.at\/wp-content\/uploads\/2024\/10\/20241006_130610-scaled.jpg?resize=135%2C300&amp;ssl=1 135w, https:\/\/i0.wp.com\/www.buntstuecke.at\/wp-content\/uploads\/2024\/10\/20241006_130610-scaled.jpg?resize=768%2C1704&amp;ssl=1 768w, https:\/\/i0.wp.com\/www.buntstuecke.at\/wp-content\/uploads\/2024\/10\/20241006_130610-scaled.jpg?resize=692%2C1536&amp;ssl=1 692w, https:\/\/i0.wp.com\/www.buntstuecke.at\/wp-content\/uploads\/2024\/10\/20241006_130610-scaled.jpg?resize=923%2C2048&amp;ssl=1 923w, https:\/\/i0.wp.com\/www.buntstuecke.at\/wp-content\/uploads\/2024\/10\/20241006_130610-scaled.jpg?resize=27%2C60&amp;ssl=1 27w, https:\/\/i0.wp.com\/www.buntstuecke.at\/wp-content\/uploads\/2024\/10\/20241006_130610-scaled.jpg?resize=41%2C90&amp;ssl=1 41w, https:\/\/i0.wp.com\/www.buntstuecke.at\/wp-content\/uploads\/2024\/10\/20241006_130610-scaled.jpg?w=1154&amp;ssl=1 1154w\" sizes=\"(max-width: 462px) 100vw, 462px\" \/><figcaption class=\"wp-block-jetpack-slideshow_caption gallery-caption\">Hier entstehen die Schmuckst\u00fccke <\/figcaption><\/figure><\/li><li class=\"wp-block-jetpack-slideshow_slide swiper-slide\"><figure><img data-recalc-dims=\"1\" loading=\"lazy\" decoding=\"async\" width=\"462\" height=\"1024\" alt=\"\" class=\"wp-block-jetpack-slideshow_image wp-image-3773\" data-id=\"3773\" data-aspect-ratio=\"462 \/ 1024\" src=\"https:\/\/i0.wp.com\/www.buntstuecke.at\/wp-content\/uploads\/2024\/10\/20240922_205509.jpg?resize=462%2C1024\" srcset=\"https:\/\/i0.wp.com\/www.buntstuecke.at\/wp-content\/uploads\/2024\/10\/20240922_205509-scaled.jpg?resize=462%2C1024&amp;ssl=1 462w, https:\/\/i0.wp.com\/www.buntstuecke.at\/wp-content\/uploads\/2024\/10\/20240922_205509-scaled.jpg?resize=416%2C923&amp;ssl=1 416w, https:\/\/i0.wp.com\/www.buntstuecke.at\/wp-content\/uploads\/2024\/10\/20240922_205509-scaled.jpg?resize=135%2C300&amp;ssl=1 135w, https:\/\/i0.wp.com\/www.buntstuecke.at\/wp-content\/uploads\/2024\/10\/20240922_205509-scaled.jpg?resize=768%2C1704&amp;ssl=1 768w, https:\/\/i0.wp.com\/www.buntstuecke.at\/wp-content\/uploads\/2024\/10\/20240922_205509-scaled.jpg?resize=692%2C1536&amp;ssl=1 692w, https:\/\/i0.wp.com\/www.buntstuecke.at\/wp-content\/uploads\/2024\/10\/20240922_205509-scaled.jpg?resize=923%2C2048&amp;ssl=1 923w, https:\/\/i0.wp.com\/www.buntstuecke.at\/wp-content\/uploads\/2024\/10\/20240922_205509-scaled.jpg?resize=27%2C60&amp;ssl=1 27w, https:\/\/i0.wp.com\/www.buntstuecke.at\/wp-content\/uploads\/2024\/10\/20240922_205509-scaled.jpg?resize=41%2C90&amp;ssl=1 41w, https:\/\/i0.wp.com\/www.buntstuecke.at\/wp-content\/uploads\/2024\/10\/20240922_205509-scaled.jpg?w=1154&amp;ssl=1 1154w\" sizes=\"(max-width: 462px) 100vw, 462px\" \/><figcaption class=\"wp-block-jetpack-slideshow_caption gallery-caption\">Kreatives Chaos <\/figcaption><\/figure><\/li><li class=\"wp-block-jetpack-slideshow_slide swiper-slide\"><figure><img data-recalc-dims=\"1\" loading=\"lazy\" decoding=\"async\" width=\"462\" height=\"1024\" alt=\"\" class=\"wp-block-jetpack-slideshow_image wp-image-3774\" data-id=\"3774\" data-aspect-ratio=\"462 \/ 1024\" src=\"https:\/\/i0.wp.com\/www.buntstuecke.at\/wp-content\/uploads\/2024\/10\/20241012_200119.jpg?resize=462%2C1024\" srcset=\"https:\/\/i0.wp.com\/www.buntstuecke.at\/wp-content\/uploads\/2024\/10\/20241012_200119-scaled.jpg?resize=462%2C1024&amp;ssl=1 462w, https:\/\/i0.wp.com\/www.buntstuecke.at\/wp-content\/uploads\/2024\/10\/20241012_200119-scaled.jpg?resize=416%2C923&amp;ssl=1 416w, https:\/\/i0.wp.com\/www.buntstuecke.at\/wp-content\/uploads\/2024\/10\/20241012_200119-scaled.jpg?resize=135%2C300&amp;ssl=1 135w, https:\/\/i0.wp.com\/www.buntstuecke.at\/wp-content\/uploads\/2024\/10\/20241012_200119-scaled.jpg?resize=768%2C1704&amp;ssl=1 768w, https:\/\/i0.wp.com\/www.buntstuecke.at\/wp-content\/uploads\/2024\/10\/20241012_200119-scaled.jpg?resize=692%2C1536&amp;ssl=1 692w, https:\/\/i0.wp.com\/www.buntstuecke.at\/wp-content\/uploads\/2024\/10\/20241012_200119-scaled.jpg?resize=923%2C2048&amp;ssl=1 923w, https:\/\/i0.wp.com\/www.buntstuecke.at\/wp-content\/uploads\/2024\/10\/20241012_200119-scaled.jpg?resize=27%2C60&amp;ssl=1 27w, https:\/\/i0.wp.com\/www.buntstuecke.at\/wp-content\/uploads\/2024\/10\/20241012_200119-scaled.jpg?resize=41%2C90&amp;ssl=1 41w, https:\/\/i0.wp.com\/www.buntstuecke.at\/wp-content\/uploads\/2024\/10\/20241012_200119-scaled.jpg?w=1154&amp;ssl=1 1154w\" sizes=\"(max-width: 462px) 100vw, 462px\" \/><figcaption class=\"wp-block-jetpack-slideshow_caption gallery-caption\">Stiefm\u00fctterchenbl\u00fcten unter der UV-Lampe zum Aush\u00e4rten des Epoxidharzes<\/figcaption><\/figure><\/li><li class=\"wp-block-jetpack-slideshow_slide swiper-slide\"><figure><img data-recalc-dims=\"1\" loading=\"lazy\" decoding=\"async\" width=\"655\" height=\"1024\" alt=\"\" class=\"wp-block-jetpack-slideshow_image wp-image-3776\" data-id=\"3776\" data-aspect-ratio=\"655 \/ 1024\" src=\"https:\/\/i0.wp.com\/www.buntstuecke.at\/wp-content\/uploads\/2024\/10\/20240922_224111.jpg?resize=655%2C1024\" srcset=\"https:\/\/i0.wp.com\/www.buntstuecke.at\/wp-content\/uploads\/2024\/10\/20240922_224111-scaled.jpg?resize=655%2C1024&amp;ssl=1 655w, https:\/\/i0.wp.com\/www.buntstuecke.at\/wp-content\/uploads\/2024\/10\/20240922_224111-scaled.jpg?resize=416%2C650&amp;ssl=1 416w, https:\/\/i0.wp.com\/www.buntstuecke.at\/wp-content\/uploads\/2024\/10\/20240922_224111-scaled.jpg?resize=192%2C300&amp;ssl=1 192w, https:\/\/i0.wp.com\/www.buntstuecke.at\/wp-content\/uploads\/2024\/10\/20240922_224111-scaled.jpg?resize=768%2C1200&amp;ssl=1 768w, https:\/\/i0.wp.com\/www.buntstuecke.at\/wp-content\/uploads\/2024\/10\/20240922_224111-scaled.jpg?resize=983%2C1536&amp;ssl=1 983w, https:\/\/i0.wp.com\/www.buntstuecke.at\/wp-content\/uploads\/2024\/10\/20240922_224111-scaled.jpg?resize=1311%2C2048&amp;ssl=1 1311w, https:\/\/i0.wp.com\/www.buntstuecke.at\/wp-content\/uploads\/2024\/10\/20240922_224111-scaled.jpg?resize=38%2C60&amp;ssl=1 38w, https:\/\/i0.wp.com\/www.buntstuecke.at\/wp-content\/uploads\/2024\/10\/20240922_224111-scaled.jpg?resize=58%2C90&amp;ssl=1 58w, https:\/\/i0.wp.com\/www.buntstuecke.at\/wp-content\/uploads\/2024\/10\/20240922_224111-scaled.jpg?w=1639&amp;ssl=1 1639w\" sizes=\"(max-width: 655px) 100vw, 655px\" \/><figcaption class=\"wp-block-jetpack-slideshow_caption gallery-caption\">Nach dem abchleifen ,und vor dem Epoxidharz auftragen und dem Bohren<\/figcaption><\/figure><\/li><li class=\"wp-block-jetpack-slideshow_slide swiper-slide\"><figure><img data-recalc-dims=\"1\" loading=\"lazy\" decoding=\"async\" width=\"462\" height=\"1024\" alt=\"\" class=\"wp-block-jetpack-slideshow_image wp-image-3777\" data-id=\"3777\" data-aspect-ratio=\"462 \/ 1024\" src=\"https:\/\/i0.wp.com\/www.buntstuecke.at\/wp-content\/uploads\/2024\/10\/20240922_210752.jpg?resize=462%2C1024\" srcset=\"https:\/\/i0.wp.com\/www.buntstuecke.at\/wp-content\/uploads\/2024\/10\/20240922_210752-scaled.jpg?resize=462%2C1024&amp;ssl=1 462w, https:\/\/i0.wp.com\/www.buntstuecke.at\/wp-content\/uploads\/2024\/10\/20240922_210752-scaled.jpg?resize=416%2C923&amp;ssl=1 416w, https:\/\/i0.wp.com\/www.buntstuecke.at\/wp-content\/uploads\/2024\/10\/20240922_210752-scaled.jpg?resize=135%2C300&amp;ssl=1 135w, https:\/\/i0.wp.com\/www.buntstuecke.at\/wp-content\/uploads\/2024\/10\/20240922_210752-scaled.jpg?resize=768%2C1704&amp;ssl=1 768w, https:\/\/i0.wp.com\/www.buntstuecke.at\/wp-content\/uploads\/2024\/10\/20240922_210752-scaled.jpg?resize=692%2C1536&amp;ssl=1 692w, https:\/\/i0.wp.com\/www.buntstuecke.at\/wp-content\/uploads\/2024\/10\/20240922_210752-scaled.jpg?resize=923%2C2048&amp;ssl=1 923w, https:\/\/i0.wp.com\/www.buntstuecke.at\/wp-content\/uploads\/2024\/10\/20240922_210752-scaled.jpg?resize=27%2C60&amp;ssl=1 27w, https:\/\/i0.wp.com\/www.buntstuecke.at\/wp-content\/uploads\/2024\/10\/20240922_210752-scaled.jpg?resize=41%2C90&amp;ssl=1 41w, https:\/\/i0.wp.com\/www.buntstuecke.at\/wp-content\/uploads\/2024\/10\/20240922_210752-scaled.jpg?w=1154&amp;ssl=1 1154w\" sizes=\"(max-width: 462px) 100vw, 462px\" \/><figcaption class=\"wp-block-jetpack-slideshow_caption gallery-caption\">Eine spezielle Farbtechnik. Jetzt wird der W\u00fcrfel in Scheiben geschnitten und dann ausgerollt <\/figcaption><\/figure><\/li><li class=\"wp-block-jetpack-slideshow_slide swiper-slide\"><figure><img data-recalc-dims=\"1\" loading=\"lazy\" decoding=\"async\" width=\"461\" height=\"1024\" alt=\"\" class=\"wp-block-jetpack-slideshow_image wp-image-3778\" data-id=\"3778\" data-aspect-ratio=\"461 \/ 1024\" src=\"https:\/\/i0.wp.com\/www.buntstuecke.at\/wp-content\/uploads\/2024\/10\/20240920_133243-1.jpg?resize=461%2C1024\" srcset=\"https:\/\/i0.wp.com\/www.buntstuecke.at\/wp-content\/uploads\/2024\/10\/20240920_133243-1-scaled.jpg?resize=461%2C1024&amp;ssl=1 461w, https:\/\/i0.wp.com\/www.buntstuecke.at\/wp-content\/uploads\/2024\/10\/20240920_133243-1-scaled.jpg?resize=416%2C924&amp;ssl=1 416w, https:\/\/i0.wp.com\/www.buntstuecke.at\/wp-content\/uploads\/2024\/10\/20240920_133243-1-scaled.jpg?resize=135%2C300&amp;ssl=1 135w, https:\/\/i0.wp.com\/www.buntstuecke.at\/wp-content\/uploads\/2024\/10\/20240920_133243-1-scaled.jpg?resize=768%2C1707&amp;ssl=1 768w, https:\/\/i0.wp.com\/www.buntstuecke.at\/wp-content\/uploads\/2024\/10\/20240920_133243-1-scaled.jpg?resize=691%2C1536&amp;ssl=1 691w, https:\/\/i0.wp.com\/www.buntstuecke.at\/wp-content\/uploads\/2024\/10\/20240920_133243-1-scaled.jpg?resize=922%2C2048&amp;ssl=1 922w, https:\/\/i0.wp.com\/www.buntstuecke.at\/wp-content\/uploads\/2024\/10\/20240920_133243-1-scaled.jpg?resize=27%2C60&amp;ssl=1 27w, https:\/\/i0.wp.com\/www.buntstuecke.at\/wp-content\/uploads\/2024\/10\/20240920_133243-1-scaled.jpg?resize=41%2C90&amp;ssl=1 41w, https:\/\/i0.wp.com\/www.buntstuecke.at\/wp-content\/uploads\/2024\/10\/20240920_133243-1-scaled.jpg?w=1152&amp;ssl=1 1152w\" sizes=\"(max-width: 461px) 100vw, 461px\" \/><figcaption class=\"wp-block-jetpack-slideshow_caption gallery-caption\">Pr\u00e4sentation auf einem Markt<\/figcaption><\/figure><\/li><li class=\"wp-block-jetpack-slideshow_slide swiper-slide\"><figure><img data-recalc-dims=\"1\" loading=\"lazy\" decoding=\"async\" width=\"769\" height=\"1024\" alt=\"\" class=\"wp-block-jetpack-slideshow_image wp-image-5646\" data-id=\"5646\" data-aspect-ratio=\"769 \/ 1024\" src=\"https:\/\/i0.wp.com\/www.buntstuecke.at\/wp-content\/uploads\/2026\/03\/PXL_20260321_154430385.PORTRAIT2.jpg?resize=769%2C1024\" srcset=\"https:\/\/i0.wp.com\/www.buntstuecke.at\/wp-content\/uploads\/2026\/03\/PXL_20260321_154430385.PORTRAIT2-scaled.jpg?resize=769%2C1024&amp;ssl=1 769w, https:\/\/i0.wp.com\/www.buntstuecke.at\/wp-content\/uploads\/2026\/03\/PXL_20260321_154430385.PORTRAIT2-scaled.jpg?resize=225%2C300&amp;ssl=1 225w, https:\/\/i0.wp.com\/www.buntstuecke.at\/wp-content\/uploads\/2026\/03\/PXL_20260321_154430385.PORTRAIT2-scaled.jpg?resize=768%2C1023&amp;ssl=1 768w, https:\/\/i0.wp.com\/www.buntstuecke.at\/wp-content\/uploads\/2026\/03\/PXL_20260321_154430385.PORTRAIT2-scaled.jpg?resize=1153%2C1536&amp;ssl=1 1153w, https:\/\/i0.wp.com\/www.buntstuecke.at\/wp-content\/uploads\/2026\/03\/PXL_20260321_154430385.PORTRAIT2-scaled.jpg?resize=1538%2C2048&amp;ssl=1 1538w, https:\/\/i0.wp.com\/www.buntstuecke.at\/wp-content\/uploads\/2026\/03\/PXL_20260321_154430385.PORTRAIT2-scaled.jpg?resize=416%2C554&amp;ssl=1 416w, https:\/\/i0.wp.com\/www.buntstuecke.at\/wp-content\/uploads\/2026\/03\/PXL_20260321_154430385.PORTRAIT2-scaled.jpg?resize=45%2C60&amp;ssl=1 45w, https:\/\/i0.wp.com\/www.buntstuecke.at\/wp-content\/uploads\/2026\/03\/PXL_20260321_154430385.PORTRAIT2-scaled.jpg?resize=68%2C90&amp;ssl=1 68w, https:\/\/i0.wp.com\/www.buntstuecke.at\/wp-content\/uploads\/2026\/03\/PXL_20260321_154430385.PORTRAIT2-scaled.jpg?w=1922&amp;ssl=1 1922w\" sizes=\"(max-width: 769px) 100vw, 769px\" \/><figcaption class=\"wp-block-jetpack-slideshow_caption gallery-caption\">Auf dem Markt&#8230;<\/figcaption><\/figure><\/li><li class=\"wp-block-jetpack-slideshow_slide swiper-slide\"><figure><img data-recalc-dims=\"1\" loading=\"lazy\" decoding=\"async\" width=\"980\" height=\"980\" alt=\"\" class=\"wp-block-jetpack-slideshow_image wp-image-5650\" data-id=\"5650\" data-aspect-ratio=\"980 \/ 980\" src=\"https:\/\/i0.wp.com\/www.buntstuecke.at\/wp-content\/uploads\/2026\/03\/PXL_20260118_130246957.PORTRAIT2.jpg?resize=980%2C980\" srcset=\"https:\/\/i0.wp.com\/www.buntstuecke.at\/wp-content\/uploads\/2026\/03\/PXL_20260118_130246957.PORTRAIT2-scaled.jpg?resize=1024%2C1024&amp;ssl=1 1024w, https:\/\/i0.wp.com\/www.buntstuecke.at\/wp-content\/uploads\/2026\/03\/PXL_20260118_130246957.PORTRAIT2-scaled.jpg?resize=300%2C300&amp;ssl=1 300w, https:\/\/i0.wp.com\/www.buntstuecke.at\/wp-content\/uploads\/2026\/03\/PXL_20260118_130246957.PORTRAIT2-scaled.jpg?resize=150%2C150&amp;ssl=1 150w, https:\/\/i0.wp.com\/www.buntstuecke.at\/wp-content\/uploads\/2026\/03\/PXL_20260118_130246957.PORTRAIT2-scaled.jpg?resize=768%2C768&amp;ssl=1 768w, https:\/\/i0.wp.com\/www.buntstuecke.at\/wp-content\/uploads\/2026\/03\/PXL_20260118_130246957.PORTRAIT2-scaled.jpg?resize=1536%2C1536&amp;ssl=1 1536w, https:\/\/i0.wp.com\/www.buntstuecke.at\/wp-content\/uploads\/2026\/03\/PXL_20260118_130246957.PORTRAIT2-scaled.jpg?resize=2048%2C2048&amp;ssl=1 2048w, https:\/\/i0.wp.com\/www.buntstuecke.at\/wp-content\/uploads\/2026\/03\/PXL_20260118_130246957.PORTRAIT2-scaled.jpg?resize=324%2C324&amp;ssl=1 324w, https:\/\/i0.wp.com\/www.buntstuecke.at\/wp-content\/uploads\/2026\/03\/PXL_20260118_130246957.PORTRAIT2-scaled.jpg?resize=416%2C416&amp;ssl=1 416w, https:\/\/i0.wp.com\/www.buntstuecke.at\/wp-content\/uploads\/2026\/03\/PXL_20260118_130246957.PORTRAIT2-scaled.jpg?resize=100%2C100&amp;ssl=1 100w, https:\/\/i0.wp.com\/www.buntstuecke.at\/wp-content\/uploads\/2026\/03\/PXL_20260118_130246957.PORTRAIT2-scaled.jpg?resize=60%2C60&amp;ssl=1 60w, https:\/\/i0.wp.com\/www.buntstuecke.at\/wp-content\/uploads\/2026\/03\/PXL_20260118_130246957.PORTRAIT2-scaled.jpg?resize=90%2C90&amp;ssl=1 90w, https:\/\/i0.wp.com\/www.buntstuecke.at\/wp-content\/uploads\/2026\/03\/PXL_20260118_130246957.PORTRAIT2-scaled.jpg?w=1960 1960w\" sizes=\"(max-width: 980px) 100vw, 980px\" \/><figcaption class=\"wp-block-jetpack-slideshow_caption gallery-caption\">Neuste Kollektion: Huella Floral. Meine Kleinstkollektionen haben alle Namen in verschiedenen Sprachen.<\/figcaption><\/figure><\/li><\/ul><a class=\"wp-block-jetpack-slideshow_button-prev swiper-button-prev swiper-button-white\" role=\"button\"><\/a><a class=\"wp-block-jetpack-slideshow_button-next swiper-button-next swiper-button-white\" role=\"button\"><\/a><a aria-label=\"Pause Slideshow\" class=\"wp-block-jetpack-slideshow_button-pause\" role=\"button\"><\/a><div class=\"wp-block-jetpack-slideshow_pagination swiper-pagination swiper-pagination-white\"><\/div><\/div><\/div>\n<\/div>\n<\/div>\n\n\n\n<p><\/p>\n","protected":false},"excerpt":{"rendered":"<p>Polymerton &amp; Epoxidharz Ich fertige mit viel Liebe zum Detail einzigartige Anh\u00e4nger aus einem Material namens Polymerton. Was ist das \u00fcberhaupt? Polymerton ist ein vielseitiger Kunststoff. Es ist unglaublich leicht, was bedeutet, dass die Anh\u00e4nger angenehm zu tragen sind und kein Gewicht an eurem Ohr verursachen. Ein weiterer Vorteil von&nbsp;Polymerton ist jedoch seine Vielseitigkeit. Es [&hellip;]<\/p>\n","protected":false},"author":1,"featured_media":0,"parent":0,"menu_order":0,"comment_status":"closed","ping_status":"closed","template":"","meta":{"advanced_seo_description":"","jetpack_seo_html_title":"","jetpack_seo_noindex":false,"footnotes":""},"class_list":["post-177","page","type-page","status-publish","hentry"],"jetpack_sharing_enabled":true,"_links":{"self":[{"href":"https:\/\/www.buntstuecke.at\/index.php?rest_route=\/wp\/v2\/pages\/177","targetHints":{"allow":["GET"]}}],"collection":[{"href":"https:\/\/www.buntstuecke.at\/index.php?rest_route=\/wp\/v2\/pages"}],"about":[{"href":"https:\/\/www.buntstuecke.at\/index.php?rest_route=\/wp\/v2\/types\/page"}],"author":[{"embeddable":true,"href":"https:\/\/www.buntstuecke.at\/index.php?rest_route=\/wp\/v2\/users\/1"}],"replies":[{"embeddable":true,"href":"https:\/\/www.buntstuecke.at\/index.php?rest_route=%2Fwp%2Fv2%2Fcomments&post=177"}],"version-history":[{"count":54,"href":"https:\/\/www.buntstuecke.at\/index.php?rest_route=\/wp\/v2\/pages\/177\/revisions"}],"predecessor-version":[{"id":5651,"href":"https:\/\/www.buntstuecke.at\/index.php?rest_route=\/wp\/v2\/pages\/177\/revisions\/5651"}],"wp:attachment":[{"href":"https:\/\/www.buntstuecke.at\/index.php?rest_route=%2Fwp%2Fv2%2Fmedia&parent=177"}],"curies":[{"name":"wp","href":"https:\/\/api.w.org\/{rel}","templated":true}]}}